{"id":474,"date":"2026-03-25T16:18:16","date_gmt":"2026-03-25T15:18:16","guid":{"rendered":"https:\/\/flamme-et-style.fr\/?post_type=product&#038;p=474"},"modified":"2026-03-28T15:00:01","modified_gmt":"2026-03-28T14:00:01","slug":"cairo-90-d-box","status":"publish","type":"product","link":"https:\/\/flamme-et-style.fr\/?product=cairo-90-d-box","title":{"rendered":"CAIRO-90-D BOX"},"content":{"rendered":"<p>Caract\u00e9ristiques principales:<br \/>\n\u2013 Portes en fonte.<br \/>\n\u2013 Grille en fonte.<br \/>\n\u2013 Vitre s\u00e9rigraphi\u00e9 noir.<br \/>\n\u2013 R\u00e9gulation de l\u2019air de combustion primaire et secondaire.<br \/>\n\u2013 Syst\u00e8me Double Combustion.<br \/>\n\u2013 Possibilit\u00e9 de choisir l\u2019int\u00e9rieur en vermiculite ou Firetek.<br \/>\n\u2013 Comprend un gant et peinture en spray.<\/p>\n<p>\u00c9l\u00e9ments optionnels:<br \/>\n\u2013 KIT-AIR-6: Kit avec prise d\u2019air ext\u00e9rieure. Pour transformer en \u00e9tanche.<br \/>\n\u2013 T-D-BOX: Turbine tangentielle avec interrupteur \u00e0 2 vitesses. Silencieuse Avec possibilit\u00e9 de d\u00e9connexion<br \/>\ncompl\u00e8te de la turbine.<br \/>\n\u2013 KIT-C-CAIRO-BOX: Kit pour accrocher.<br \/>\n\u2013 B-90D-BOX: Base avec pieds.<br \/>\n\u2013 L-90D-BOX: Base b\u00fbcher.<br \/>\n\u2013 KIT VERMICULITE\u2013 KIT FIRETEK\u2013 RANGE-B\u00dbCHES 37<\/p>\n","protected":false},"excerpt":{"rendered":"<p>Caract\u00e9ristiques principales: \u2013 Portes en fonte. \u2013 Grille en fonte. \u2013 Vitre s\u00e9rigraphi\u00e9 noir. \u2013 R\u00e9gulation de l\u2019air de combustion primaire et secondaire. \u2013 Syst\u00e8me Double Combustion. \u2013 Possibilit\u00e9 de choisir l\u2019int\u00e9rieur en vermiculite ou Firetek. \u2013 Comprend un gant et peinture en spray. \u00c9l\u00e9ments optionnels: \u2013 KIT-AIR-6: Kit avec prise d\u2019air ext\u00e9rieure. Pour transformer [&hellip;]<\/p>\n","protected":false},"featured_media":924,"comment_status":"open","ping_status":"closed","template":"","meta":[],"product_brand":[],"product_cat":[19],"product_tag":[],"class_list":{"0":"post-474","1":"product","2":"type-product","3":"status-publish","4":"has-post-thumbnail","6":"product_cat-poele-a-bois","8":"first","9":"instock","10":"shipping-taxable","11":"product-type-simple"},"_links":{"self":[{"href":"https:\/\/flamme-et-style.fr\/index.php?rest_route=\/wp\/v2\/product\/474","targetHints":{"allow":["GET"]}}],"collection":[{"href":"https:\/\/flamme-et-style.fr\/index.php?rest_route=\/wp\/v2\/product"}],"about":[{"href":"https:\/\/flamme-et-style.fr\/index.php?rest_route=\/wp\/v2\/types\/product"}],"replies":[{"embeddable":true,"href":"https:\/\/flamme-et-style.fr\/index.php?rest_route=%2Fwp%2Fv2%2Fcomments&post=474"}],"wp:featuredmedia":[{"embeddable":true,"href":"https:\/\/flamme-et-style.fr\/index.php?rest_route=\/wp\/v2\/media\/924"}],"wp:attachment":[{"href":"https:\/\/flamme-et-style.fr\/index.php?rest_route=%2Fwp%2Fv2%2Fmedia&parent=474"}],"wp:term":[{"taxonomy":"product_brand","embeddable":true,"href":"https:\/\/flamme-et-style.fr\/index.php?rest_route=%2Fwp%2Fv2%2Fproduct_brand&post=474"},{"taxonomy":"product_cat","embeddable":true,"href":"https:\/\/flamme-et-style.fr\/index.php?rest_route=%2Fwp%2Fv2%2Fproduct_cat&post=474"},{"taxonomy":"product_tag","embeddable":true,"href":"https:\/\/flamme-et-style.fr\/index.php?rest_route=%2Fwp%2Fv2%2Fproduct_tag&post=474"}],"curies":[{"name":"wp","href":"https:\/\/api.w.org\/{rel}","templated":true}]}}