{"id":673,"date":"2026-03-26T15:19:59","date_gmt":"2026-03-26T14:19:59","guid":{"rendered":"https:\/\/flamme-et-style.fr\/?post_type=product&#038;p=673"},"modified":"2026-03-28T15:06:25","modified_gmt":"2026-03-28T14:06:25","slug":"eiffel-etanche","status":"publish","type":"product","link":"https:\/\/flamme-et-style.fr\/?product=eiffel-etanche","title":{"rendered":"EIFFEL Etanche"},"content":{"rendered":"<p>Sur pied Ref. C077CM-06<br \/>\nEAN 3244330110917<\/p>\n<p>Sur b\u00fbcher Ref. C077CN-06<br \/>\nEAN 3244330110924<\/p>\n<p>&#8211; Corps de chauffe en fonte, mat\u00e9riau id\u00e9al pour le chauffage- Excellente conductivit\u00e9 thermique, source d\u2019une chaleur<br \/>\ndouce- Forte inertie emmagasinant la chaleur et la restituant<br \/>\nprogressivement<br \/>\n&#8211; Equip\u00e9 d\u2019un habillage en acier et d\u2019une vitre s\u00e9rigraphi\u00e9e,<br \/>\nle po\u00eale EIFFEL se d\u00e9cline sur &#8211; Pieds central- B\u00fbcher<br \/>\n&#8211; Po\u00eale \u00e9tanche, pour maisons type BBC<br \/>\nGr\u00e2ce \u00e0 un raccordement (buse \u00d8 80 mm), il prend l\u2019air de<br \/>\ncombustion directement \u00e0 l\u2019ext\u00e9rieur sans le pr\u00e9lever dans la<br \/>\npi\u00e8ce<br \/>\n&#8211; Syst\u00e8me de d\u00e9cendrage manuel (pas besoin d\u2019enlever la<br \/>\ngrille)<br \/>\n&#8211; Garantie constructeur 2 ans + Garantie commerciale 3<br \/>\nans si enregistrement du produit en ligne<\/p>\n","protected":false},"excerpt":{"rendered":"<p>Sur pied Ref. C077CM-06 EAN 3244330110917 Sur b\u00fbcher Ref. C077CN-06 EAN 3244330110924 &#8211; Corps de chauffe en fonte, mat\u00e9riau id\u00e9al pour le chauffage- Excellente conductivit\u00e9 thermique, source d\u2019une chaleur douce- Forte inertie emmagasinant la chaleur et la restituant progressivement &#8211; Equip\u00e9 d\u2019un habillage en acier et d\u2019une vitre s\u00e9rigraphi\u00e9e, le po\u00eale EIFFEL se d\u00e9cline sur [&hellip;]<\/p>\n","protected":false},"featured_media":929,"comment_status":"open","ping_status":"closed","template":"","meta":[],"product_brand":[],"product_cat":[19],"product_tag":[],"class_list":{"0":"post-673","1":"product","2":"type-product","3":"status-publish","4":"has-post-thumbnail","6":"product_cat-poele-a-bois","8":"first","9":"instock","10":"shipping-taxable","11":"product-type-simple"},"_links":{"self":[{"href":"https:\/\/flamme-et-style.fr\/index.php?rest_route=\/wp\/v2\/product\/673","targetHints":{"allow":["GET"]}}],"collection":[{"href":"https:\/\/flamme-et-style.fr\/index.php?rest_route=\/wp\/v2\/product"}],"about":[{"href":"https:\/\/flamme-et-style.fr\/index.php?rest_route=\/wp\/v2\/types\/product"}],"replies":[{"embeddable":true,"href":"https:\/\/flamme-et-style.fr\/index.php?rest_route=%2Fwp%2Fv2%2Fcomments&post=673"}],"wp:featuredmedia":[{"embeddable":true,"href":"https:\/\/flamme-et-style.fr\/index.php?rest_route=\/wp\/v2\/media\/929"}],"wp:attachment":[{"href":"https:\/\/flamme-et-style.fr\/index.php?rest_route=%2Fwp%2Fv2%2Fmedia&parent=673"}],"wp:term":[{"taxonomy":"product_brand","embeddable":true,"href":"https:\/\/flamme-et-style.fr\/index.php?rest_route=%2Fwp%2Fv2%2Fproduct_brand&post=673"},{"taxonomy":"product_cat","embeddable":true,"href":"https:\/\/flamme-et-style.fr\/index.php?rest_route=%2Fwp%2Fv2%2Fproduct_cat&post=673"},{"taxonomy":"product_tag","embeddable":true,"href":"https:\/\/flamme-et-style.fr\/index.php?rest_route=%2Fwp%2Fv2%2Fproduct_tag&post=673"}],"curies":[{"name":"wp","href":"https:\/\/api.w.org\/{rel}","templated":true}]}}