{"id":677,"date":"2026-03-26T15:51:49","date_gmt":"2026-03-26T14:51:49","guid":{"rendered":"https:\/\/flamme-et-style.fr\/?post_type=product&#038;p=677"},"modified":"2026-03-28T15:16:04","modified_gmt":"2026-03-28T14:16:04","slug":"neosen-3v-plus","status":"publish","type":"product","link":"https:\/\/flamme-et-style.fr\/?product=neosen-3v-plus","title":{"rendered":"NEOSEN 3V PLUS"},"content":{"rendered":"<p>Ref. P948837<br \/>\nEAN 3244339488376<\/p>\n<p>&#8211; Admirez le po\u00eale Neosen Plus de tous les<br \/>\nc\u00f4t\u00e9s\u2026Vous partez en immersion au c\u0153ur<br \/>\ndu spectacle fascinant et d\u00e9lassant des<br \/>\nflammes.<br \/>\n&#8211; Accumulateur de chaleur (en option)<br \/>\n&#8211; Vitre propre<br \/>\n&#8211; Garantie constructeur 2 ans +<br \/>\nGarantie commerciale 3 ans<br \/>\nsi enregistrement du produit<\/p>\n","protected":false},"excerpt":{"rendered":"<p>Ref. P948837 EAN 3244339488376 &#8211; Admirez le po\u00eale Neosen Plus de tous les c\u00f4t\u00e9s\u2026Vous partez en immersion au c\u0153ur du spectacle fascinant et d\u00e9lassant des flammes. &#8211; Accumulateur de chaleur (en option) &#8211; Vitre propre &#8211; Garantie constructeur 2 ans + Garantie commerciale 3 ans si enregistrement du produit<\/p>\n","protected":false},"featured_media":935,"comment_status":"open","ping_status":"closed","template":"","meta":[],"product_brand":[],"product_cat":[19],"product_tag":[],"class_list":{"0":"post-677","1":"product","2":"type-product","3":"status-publish","4":"has-post-thumbnail","6":"product_cat-poele-a-bois","8":"first","9":"instock","10":"shipping-taxable","11":"product-type-simple"},"_links":{"self":[{"href":"https:\/\/flamme-et-style.fr\/index.php?rest_route=\/wp\/v2\/product\/677","targetHints":{"allow":["GET"]}}],"collection":[{"href":"https:\/\/flamme-et-style.fr\/index.php?rest_route=\/wp\/v2\/product"}],"about":[{"href":"https:\/\/flamme-et-style.fr\/index.php?rest_route=\/wp\/v2\/types\/product"}],"replies":[{"embeddable":true,"href":"https:\/\/flamme-et-style.fr\/index.php?rest_route=%2Fwp%2Fv2%2Fcomments&post=677"}],"wp:featuredmedia":[{"embeddable":true,"href":"https:\/\/flamme-et-style.fr\/index.php?rest_route=\/wp\/v2\/media\/935"}],"wp:attachment":[{"href":"https:\/\/flamme-et-style.fr\/index.php?rest_route=%2Fwp%2Fv2%2Fmedia&parent=677"}],"wp:term":[{"taxonomy":"product_brand","embeddable":true,"href":"https:\/\/flamme-et-style.fr\/index.php?rest_route=%2Fwp%2Fv2%2Fproduct_brand&post=677"},{"taxonomy":"product_cat","embeddable":true,"href":"https:\/\/flamme-et-style.fr\/index.php?rest_route=%2Fwp%2Fv2%2Fproduct_cat&post=677"},{"taxonomy":"product_tag","embeddable":true,"href":"https:\/\/flamme-et-style.fr\/index.php?rest_route=%2Fwp%2Fv2%2Fproduct_tag&post=677"}],"curies":[{"name":"wp","href":"https:\/\/api.w.org\/{rel}","templated":true}]}}